s -100000101 - -1020100211?
220100110
In base 16, what is 2377 + -2128?
24f
In base 3, what is -2010121111 - -101122?
-2010012212
In base 7, what is -116 + 352502333?
352502214
In base 9, what is -2626 - 170387?
-173124
In base 4, what is -101333002300 - 203?
-101333003103
In base 16, what is -4 - 5eb8cc?
-5eb8d0
In base 3, what is 11020010020021 + -11?
11020010020010
In base 15, what is -2 - -26d0757?
26d0755
In base 5, what is 12233020 + 110?
12233130
In base 14, what is d02d5 - -28d?
d0584
In base 12, what is -37 + 671133?
6710b8
In base 11, what is 55174 - -14a?
55313
In base 15, what is 9122 + 68?
918a
In base 7, what is 1111 - 32121230?
-32120116
In base 15, what is -3 - 124273?
-124276
In base 13, what is -1619 + -937?
-2253
In base 2, what is 11011110110011101001111010 - 10?
11011110110011101001111000
In base 2, what is -11111001 - -110011011110101100?
110011011010110011
In base 15, what is -1e7238 - 2?
-1e723a
In base 13, what is 27ba2c - -24?
27ba53
In base 5, what is -11330024324 - 10?
-11330024334
In base 2, what is 100011001 - -111110010110110000000?
111110010111010011001
In base 12, what is -8a - 437498?
-437566
In base 4, what is -1012 - 12130313203?
-12130320221
In base 12, what is -5 + 82133?
8212a
In base 3, what is -10222012200 - -2212?
-10222002211
In base 16, what is 1bf8f692 - -1?
1bf8f693
In base 3, what is 1200020222 - 211001222?
212012000
In base 5, what is 1 - 401302100?
-401302044
In base 5, what is 110140310 - -13203?
110204013
In base 3, what is 100220100 - -2100102222?
2201100022
In base 3, what is -1 + -1100202120112011?
-1100202120112012
In base 11, what is -49836741 + 2?
-4983673a
In base 8, what is 471 + -147753?
-147262
In base 2, what is -1110 + 110100101010000000011000?
110100101010000000001010
In base 7, what is -12240135 + 136?
-12236666
In base 10, what is 47906 - 8?
47898
In base 6, what is -1353550 + 1522?
-1352024
In base 2, what is 100 - 10100101001010000101001110101?
-10100101001010000101001110001
In base 2, what is -111 - -1101101001011010111010100?
1101101001011010111001101
In base 5, what is 24141 + -13232302?
-13203111
In base 3, what is 21200120 - 110012120?
-11112000
In base 3, what is 20 - 20212101001011?
-20212101000221
In base 4, what is 101332010 - 3303?
101322101
In base 8, what is -230233526 + -1?
-230233527
In base 15, what is c909 + 1?
c90a
In base 6, what is 31240 + -312221?
-240541
In base 7, what is -355443465 + 10?
-355443455
In base 2, what is -10 + 10001000100110110101001?
10001000100110110100111
In base 9, what is 2361287 + -28?
2361258
In base 3, what is -202011212220 + -221210?
-202012211200
In base 11, what is 20a7 + -3381a?
-31723
In base 2, what is 0 + 1000101010000011000111111?
1000101010000011000111111
In base 13, what is -1310575 - -20?
-1310555
In base 10, what is -112789 - 51?
-112840
In base 16, what is -2001d5 - -54?
-200181
In base 8, what is -16757243027 - -2?
-16757243025
In base 16, what is -34786bd - 2?
-34786bf
In base 7, what is 41 - -103536516?
103536560
In base 2, what is -1011000 + -10001011001100101?
-10001011010111101
In base 4, what is -10320 - -200321013?
200310033
In base 12, what is -197 - 773b?
-7916
In base 9, what is 5 + -1332282?
-1332276
In base 3, what is 2002211000 - 21002102?
1211201121
In base 11, what is 3402616 - -1?
3402617
In base 9, what is 3 + 41401801?
41401804
In base 10, what is -3364 + 1564?
-1800
In base 5, what is 12013213 - 1434?
12011224
In base 16, what is -c01 - -19b12?
18f11
In base 16, what is -673372 - 3?
-673375
In base 3, what is -1120121121012120 + -1?
-1120121121012121
In base 6, what is 331115 + 532?
332051
In base 3, what is -1120202221110210 + -11?
-1120202221110221
In base 15, what is 18 - 55786?
-5576d
In base 9, what is 2131548 + -155?
2131383
In base 15, what is 16a + 10b45c?
10b5c7
In base 11, what is -137a502 - -4?
-137a4a9
In base 14, what is -320 + 2b8865?
2b8545
In base 16, what is 5 + -23b234a?
-23b2345
In base 14, what is 5 + 3396bb?
3396c2
In base 3, what is 1020221002 - 20120001?
1000101001
In base 16, what is -aa5c974 + -2?
-aa5c976
In base 13, what is -58368 + 166?
-58202
In base 5, what is 0 + -421443203?
-421443203
In base 13, what is -44 - 18a2b2?
-18a326
In base 12, what is -1371469 - 1?
-137146a
In base 2, what is -1 - 11011001100101010010000?
-11011001100101010010001
In base 8, what is -11 - -37330707?
37330676
In base 3, what is 10 - -211001021200?
211001021210
In base 4, what is 1 + -1112233311121?
-1112233311120
In base 4, what is 12203301310 - 110?
12203301200
In base 6, what is -4511002 + 1120?
-4505442
In base 9, what is 5 + -1834?
-1828
In base 13, what is -5c46c35 + 4?
-5c46c31
In base 13, what is 2447394 + -2?
2447392
In base 15, what is 8b + -185d373?
-185d2d7
In base 4, what is -3121 + 201122030?
201112303
In base 5, what is 123 + 1314442023?
1314442201
In base 12, what is 121 + -5255?
-5134
In base 3, what is -201011020 + -201011?
-201212101
In base 16, what is -402 + -72?
-474
In base 10, what is -203460 - -13?
-203447
In base 12, what is 33887 - 76?
33811
In base 12, what is -2671215 - -5?
-2671210
In base 5, what is -21 + -24404410?
-24404431
In base 7, what is -151640 - 14241?
-166211
In base 15, what is d0 + -12ba?
-11da
In base 7, what is 5 + -616143101?
-616143063
In base 16, what is -1e6e - -63d?
-1831
In base 10, what is 17133492 + -5?
17133487
In base 14, what is 7b66 + -8c?
7ab8
In base 11, what is -2173 - 2555?
-4718
In base 5, what is 102004144 - 0?
102004144
In base 4, what is 11332220 + -23130?
11303030
In base 6, what is 113 + -35503324?
-35503211
In base 12, what is 599 - 59863?
-59286
In base 6, what is -114135330 - -22?
-114135304
In base 14, what is -1c0 + -a8ba7?
-a8d87
In base 13, what is -1458bc53 + 2?
-1458bc51
In base 16, what is -3d8155 + 2?
-3d8153
In base 16, what is -2295 - -2a7b?
7e6
In base 6, what is 3225443551 - 11?
3225443540
In base 10, what is -1093 - 78235?
-79328
In base 12, what is -6b91423 - -3?
-6b91420
In base 11, what is -67 + -23365?
-23421
In base 7, what is 135 - 601561?
-601423
In base 5, what is -33200 - 10200?
-43400
In base 6, what is -4 - 54515204?
-54515212
In base 10, what is -2030788 - -136?
-2030652
In base 6, what is -1400 + 102340250?
102334450
In base 2, what is 1011111001011100101000010000 + 0?
1011111001011100101000010000
In base 16, what is 8d91 + 6d?
8dfe
In base 3, what is 20 - -20021221001121?
20021221001211
In base 16, what is -1 + 36a5355?
36a5354
In base 14, what is -2683965 + 1?
-2683964
In base 11, what is 2305a9 - 15?
230594
In base 13, what is -105 - -359076?
358c71
In base 13, what is 5057bc1c - 4?
5057bc18
In base 11, what is -981 + 752a6?
74425
In base 2, what is -101 - 1100011100110110011100?
-1100011100110110100001
In base 16, what is 1 + 169838?
169839
In base 13, what is -6 + 175bc2?
175bb9
In base 4, what is -333320 + 310330?
-22330
In base 11, what is -1 + -12686800?
-12686801
In base 4, what is 110201203213 - 3?
110201203210
In base 14, what is -da + -2051?
-214b
In base 14, what is 9624 - 1?
9623
In base 14, what is 2a83 + 768d?
a332
In base 10, what is -1674719 - 493?
-1675212
In base 12, what is -10192 + 94b?
-b443
In base 6, what is -112 - 11133333?
-11133445
In base 3, what is -2222 - 121020102?
-121100101
In base 14, what is 2ca + 159d4?
15cc0
In base 9, what is -1817 - -11003?
8075
In base 9, what is -48157 - -10050?
-38107
In base 13, what is -19bb15b + 3?
-19bb158
In base 7, what is 3 - 54512151?
-54512145
In base 5, what is -10 + 114033220324?
114033220314
In base 10, what is -10137 - 1542?
-11679
In base 14, what is 3d5 + -19863?
-1946c
In base 11, what is 5a57 + 26564?
31510
In base 3, what is -120221 - 1022212210?
-1100110201
In base 5, what is 4 + -101044000141?
-101044000132
In base 14, what is 5 + -648d8b?
-648d86
In base 3, what is -12 + 1000201002121002?
1000201002120220
In base 16, what is 3f09ef1 - 5?
3f09eec
In base 4, what is 2130230 - -120202030?
122332320
In base 6, what is 23233 - 22305?
524
In base 16, what is 1 + -76c5fdd?
-76c5fdc
In base 7, what is -31 + 3430631?
3430600
In base 8, what is 4 + 14016535?
14016541
In base 6, what is 1 + 15004544341?
15004544342
In base 15, what is 50 - -1d063?
1d0b3
In base 7, what is -5 + 3523123302?
3523123264
In base 14, what is -b3000b 